eatest common factor of j and 8.
4
Let h(v) = -v + 5. Let n be h(3). Suppose n*o - 134 - 190 = 0. Let p = 43 - 25. Calculate the greatest common divisor of o and p.
18
Let z be 18/(4/((-8)/(-2))). Let j = 23 - z. Suppose 2*c + 78 = j*c. What is the highest common factor of c and 65?
13
Suppose 5*v - 166 = 54. Suppose -2*w = 4*q - 4538, 5*q = -2*w + 1048 + 4624. Let z be -4 + q/10 + (-3)/(-5). Calculate the highest common factor of v and z.
22
Let v be 2/(-1)*140/(-8). Suppose v = -2*n + 275. What is the highest common divisor of 15 and n?
15
Suppose -v + 2*v = 2. Suppose -4*z + 2*s + 34 = 0, -2*s - 9 - 1 = 0. What is the highest common factor of v and z?
2
Let x(b) = -b**2 - 47. Let a be x(-10). Let g = -112 - a. Calculate the greatest common factor of g and 35.
35
Let j(n) = -n**2 + 3*n**2 + 6 - n - n**2. Let l be j(-6). Suppose -3*v - 2*v = -30. What is the highest common divisor of l and v?
6
Let i be 0 + 2 - (3 - 1). Suppose 4*j + 832 = 6*q - 2*q, -2*q + 3*j + 421 = i. Let c = 57 + -28. What is the greatest common divisor of q and c?
29
Suppose 0 = 22*j - 210 - 98. Calculate the highest common divisor of j and 91.
7
Suppose f = -4 + 2. Let w be 3 - -9 - (0 + f). Let g be w + 3 + (-6 - -3). What is the greatest common divisor of g and 70?
14
Let l be (4 - 4 - -5) + 130. Calculate the greatest common divisor of l and 27.
27
Let o(i) = 6*i**2 + 17*i - 17. Let z be o(-5). Calculate the greatest common divisor of z and 176.
16
Let u be -1 + 10/(2 + 0). Let y be -2*(-10)/u - 1. Suppose 5*x = -35 + 115. What is the highest common divisor of y and x?
4
Let l = 34 - 18. Let n = -578 + 594. What is the highest common divisor of n and l?
16
Let h = 798 + -443. Suppose -5*y - g + 490 = -2*y, 2*y = 5*g + h. Suppose -2*w + y = -25. What is the greatest common factor of w and 19?
19
Let j be 2/(-7)*(-35)/2. Calculate the greatest common factor of 85 and j.
5
Let m = -77 - -80. What is the greatest common factor of 4 and m?
1
Suppose 0 = -12*l - 306 + 582. What is the highest common factor of l and 4048?
23
Suppose -34*x + 7820 = -0*x. Calculate the highest common factor of 20 and x.
10
Let n = -483 + 505. What is the highest common divisor of n and 4422?
22
Let a be (-44)/(-11) + 3*1. Let w(z) = 6*z**2 - 6*z + 5. Let f be w(a). Suppose -f + 1283 = 3*h. Calculate the highest common divisor of 38 and h.
38
Let d be (-132)/15*(291/(-6) - -1). What is the highest common divisor of 66 and d?
22
Let f(o) = -o**3 + 42*o**2 + o + 123. Let z be f(42). What is the greatest common factor of 30 and z?
15
Suppose -3*z + 889 = z + 5*v, -3*v - 849 = -4*z. What is the greatest common divisor of z and 24?
24
Let v(j) = 6*j**2 + 4*j - 2. Let k be v(4). Suppose -r = r - k. Suppose -3*m = 20 - 53. What is the highest common divisor of m and r?
11
Let m = 160 + -110. Suppose 6*r - 10*r + 40 = 0. Calculate the highest common divisor of m and r.
10
Let a(x) = 5*x**2 + 80*x - 84. Let m be a(-17). Let r(q) = q - 1. Let n be r(5). What is the highest common factor of m and n?
1
Let n = -189 - -95. Let q = n + 204. Let x = 14 - -30. What is the highest common factor of q and x?
22
Suppose -27*v + 3704 = 491. Calculate the greatest common divisor of v and 85.
17
Let b = 1022 + -998. What is the highest common factor of 39 and b?
3
Suppose -7*f + 48 = -3*f. Suppose f = 3*k - 7*k. Let r = -1 - k. What is the greatest common factor of 8 and r?
2
Let p be 1913/2 - (-4)/(-8). Let z be p/30 + 14/105. Let k be 54/7 + 2/7. Calculate the highest common factor of k and z.
8
Let z(c) = -c**3 + 17*c**2 - 29*c - 32. Let u be z(14). Calculate the greatest common factor of u and 20.
10
Let j be (195/52)/((-1)/(-12)). Let r = -18 - -36. What is the greatest common factor of r and j?
9
Suppose -v = -6*v - 95. Let z = v + 38. Calculate the highest common divisor of z and 76.
19
Let f(h) = -6*h. Let d be f(2). Let r = d + 14. Suppose o = -r*z + 80, -3*z + 98 = -2*o - 2*o. Calculate the highest common divisor of 19 and z.
19
Suppose -35*m = -28*m - 490. Calculate the greatest common divisor of m and 20.
10
Let m(p) be the first derivative of 7*p**2/2 + 6*p - 3. Let o be m(4). Let b = -25 + o. Calculate the highest common factor of b and 72.
9
Suppose 2*j - 2*r + r - 168 = 0, 0 = -j - 3*r + 84. Let v = -18 - -30. What is the greatest common factor of j and v?
12
Let q = 709 - 687. What is the highest common divisor of 66 and q?
22
Suppose 8*t - 4*p = 3*t - 125, -2*p = -4*t - 100. Let j = t - -30. What is the greatest common divisor of j and 5?
5
Suppose -q + 4*o = -57, -4*q = -2*q - o - 93. Let f = -95 - -162. Suppose -13 = 3*l - f. What is the greatest common factor of q and l?
9
Suppose 3*q + 192 = 4*d, 192 = 4*d - 0*d + 2*q. What is the greatest common factor of d and 128?
16
Suppose -l - 275 = -3*f, -f + 2*f - l - 91 = 0. Suppose -95*h = -f*h - 162. What is the greatest common divisor of h and 6?
6
Suppose 7*p - 527 = -79. Let y(s) = -s + 4. Let f be y(-4). Calculate the greatest common divisor of f and p.
8
Let g(n) = 16*n**2 - 2*n + 3. Let b be g(1). What is the highest common divisor of 51 and b?
17
Let z(w) = w**3 - 22*w**2 + 38*w + 57. Let x be z(20). What is the greatest common factor of 561 and x?
17
Suppose 2*n = -s + 24, 0 = 3*s + 4*n - 77 + 9. Let t be -4*(-4)/16 + -5. Let w(c) = c**2 + 3*c. Let a be w(t). What is the highest common factor of s and a?
4
Let n(m) = -6*m + 114. Let p(d) = -d + 23. Let y(q) = -2*n(q) + 11*p(q). Let r be y(-14). What is the highest common factor of r and 22?
11
Let q(v) = v**2 + 4*v + 7. Let w be q(-5). Suppose -h + 4*h = -3*j + 3, 3*j + 25 = 4*h. Calculate the greatest common divisor of h and w.
4
Suppose 288 = -11*j + 15*j. Suppose -5*v - 7 = 2*z, -3*z - v + 17 = v. What is the highest common divisor of j and z?
9
Suppose -2144 = -17*y + 559. Calculate the greatest common factor of 212 and y.
53
Let t(z) = 53*z**3 - 2*z**2 + 3. Let n be t(1). What is the greatest common divisor of 6 and n?
6
Let t(a) = -a**2 - 17*a - 35. Let d be t(-11). Calculate the greatest common factor of 1333 and d.
31
Let p = 19 + -15. Suppose 10 = 2*j, -p*c + 0*j = -2*j - 350. Calculate the greatest common factor of c and 60.
30
Let c(b) = 9*b + 1. Let y be c(1). Let z = -22 - y. Let v = -30 - z. What is the highest common factor of 22 and v?
2
Suppose 13*d - 9*d - 12 = 0. Suppose 0 = 5*i - 5 - 0, b = d*i + 4. What is the highest common factor of b and 35?
7
Suppose -a + 18 - 8 = 0. Suppose 0 = -a*y + 809 + 951. What is the highest common factor of 16 and y?
16
Let t = -14 - -36. Suppose -4*i - t - 6 = 0. Let y = i - -15. What is the greatest common divisor of y and 1?
1
Suppose -x = j - 10, -2*j + 2*x - 30 = -6*j. Let g be j - ((-4)/(-4))/1. Calculate the highest common divisor of g and 8.
4
Suppose -2*h - 4*n = -24, 3*h - 4*n + 13 = -1. Let p(i) = -5 + 1 + i**3 + h - 7*i + 0 - 8*i**2. Let c be p(9). What is the highest common factor of c and 112?
16
Let q(r) = -r**3 + 20*r**2 - 14*r - 47. Let d be q(19). Calculate the greatest common divisor of 112 and d.
16
Suppose 9 = 2*l + 5. Suppose -14 = l*k - 3*k. Calculate the highest common divisor of k and 126.
14
Suppose 0 = w + 7*w - 32. Suppose 0 = -w*k - 176 + 504. Calculate the greatest common factor of 123 and k.
41
Let n be 393445/117 + 4/18. What is the highest common divisor of 57 and n?
57
Let h be -48*(-6)/8*1. Let f = h - 21. What is the highest common divisor of 45 and f?
15
Suppose -4*o = 44*o - 33072. Calculate the greatest common factor of 13 and o.
13
Let p(i) = -2*i**2 + 13*i - 9. Let h be p(5). Let l(g) = -g**3 + 8*g**2 - 5*g - 2. Let q be l(4). Calculate the highest common factor of q and h.
6
Let f(k) be the second derivative of k**4/4 + k**2 - k. Let j be f(5). Suppose -19 + 41 = 2*r. What is the greatest common factor of r and j?
11
Let f be (-1 + 16 - -1)*15. Let j = 410 + -386. What is the highest common divisor of j and f?
24
Let p be -1*5 - (-90)/9. Suppose w - p*s = -16, -5*w + s - 3 + 19 = 0. What is the highest common factor of w and 2?
2
Suppose -13*s = -1466 - 3019. What is the greatest common factor of 69 and s?
69
Suppose 3*p + 18 = 6*p. Let d be ((-9)/(-6))/(p/252). Let w(j) = 10*j**3 - 2*j**2 + 2*j - 1. Let k be w(1). Calculate the highest common divisor of k and d.
9
Suppose 0 = 4*l + 5*m - 171, 4